{"id":3838,"date":"2020-12-03T14:31:34","date_gmt":"2020-12-03T13:31:34","guid":{"rendered":"https:\/\/celebrytka.org\/?post_type=product&#038;p=3838"},"modified":"2021-05-25T11:45:23","modified_gmt":"2021-05-25T10:45:23","slug":"zlota-lancuszkowa-gruba-bransoletka-duze-oczka-cyrkonie-stal-316-l-rozm-max-18-cm","status":"publish","type":"product","link":"https:\/\/www.celebrytka.org\/?product=zlota-lancuszkowa-gruba-bransoletka-duze-oczka-cyrkonie-stal-316-l-rozm-max-18-cm","title":{"rendered":"Z\u0142ota \u0142a\u0144cuszkowa gruba bransoletka .Du\u017ce oczka- cyrkonie. Stal 316 L.Rozm.max.18 cm"},"content":{"rendered":"<p>Oferujemy Pa\u0144stwu przepi\u0119kn\u0105 bransoletk\u0119 &#8211; wykonan\u0105 z wysokiej jako\u015bci <b>stali chirurgicznej 316 L<\/b>\u00a0 cz\u0119sto nazywanej stal\u0105 jubilersk\u0105, stal\u0105 nierdzewn\u0105 lub stal\u0105 szlachetn\u0105.<\/p>\n<p><strong>Najnowszy wz\u00f3r \u0142a\u0144cuchowej bransoletki z\u0142otej. Wykonana jest z pi\u0119knego \u0142a\u0144cucha z du\u017cymi oczkami r\u00f3\u017cnymi ciekawymi elementami i cyrkoniami.Dzi\u0119ki zapi\u0119ciu na \u0142a\u0144cuszek mo\u017cna j\u0105 dopasowa\u0107 do ka\u017cdego nadgarstka co u\u0142atwia u\u017cytkowanie. Bardzo ciekawy<\/strong><strong> klasyczny a zarazem elegancki wz\u00f3r wyr\u00f3\u017cnia si\u0119 spo\u015br\u00f3d innych.<\/strong><\/p>\n<p><strong>Tak klasyczna, czysta forma b\u0119dzie idealnie pasowa\u0142a ka\u017cdemu do ka\u017cdej stylizacji . Z pewno\u015bci\u0105 wpasuje si\u0119 w gust nawet wymagaj\u0105cych odbiorc\u00f3w oraz b\u0119dzie \u015bwietnym i trafionym prezentem.<\/strong><\/p>\n<p>Produkt firmy <strong>BLUEBERRY<\/strong> znanej z najwi\u0119kszej dba\u0142o\u015bci o detale oraz niesamowitej precyzji wykonania bi\u017cuterii tak aby zwi\u0119kszy\u0107 jak najbardziej komfort jej u\u017cytkowania.<strong> Bi\u017cuteria zosta\u0142a sprawdzona przez nas w r\u00f3\u017cnych warunkach i z ca\u0142\u0105 odpowiedzialno\u015bci\u0105 mo\u017cemy zapewni\u0107 gwarancj\u0119 zachowania z\u0142otego koloru przez lata u\u017cywania.<\/strong> Zosta\u0142a poz\u0142ocona a nast\u0119pnie specjalnie zabezpieczona za pomoc\u0105 odpowiedniego lakieru jubilerskiego naniesionego metod\u0105 <strong>elektroplated\u00a0 <\/strong>kt\u00f3ry sprawia, \u017ce z\u0142ocenie jest trwa\u0142e i nie ulega \u015bcieraniu.<\/p>\n<p>Bi\u017cuteria wygl\u0105da dok\u0142adnie tak samo jak z\u0142ota wi\u0119c spokojnie mo\u017cna \u0142\u0105czy\u0107 j\u0105 z tak\u0105 bi\u017cuteri\u0105 nie obawiaj\u0105c si\u0119 o r\u00f3\u017cnic\u0119 w kolorze. <strong>Jej blask jest trwa\u0142y i\u00a0 nie traci go wraz z up\u0142ywem czasu czy k\u0105pieli.<\/strong><\/p>\n<p>Bi\u017cuteria wykonana ze stali chirurgicznej wykazuje najwi\u0119ksz\u0105 <b>odporno\u015b\u0107<\/b>\u00a0na korozj\u0119 oraz czynniki atmosferyczne spo\u015br\u00f3d wszystkich stali, stanowi bezkonkurencyjn\u0105 alternatyw\u0119\u00a0<b>dla os\u00f3b uczulonych<\/b>\u00a0na inne metale, gdy\u017c posiada w\u0142a\u015bciwo\u015bci\u00a0<b>hipoalergiczne i nie zawiera niklu.<\/b><\/p>\n<p><strong>Chcesz podkr\u0119ci\u0107 Sw\u00f3j styl? Ten produkt jest w\u0142a\u015bnie dla Ciebie!. Klasyczny i niepowtarzalny\u00a0 wz\u00f3r zwracaj\u0105cy uwag\u0119.\u00a0 \u00a0<\/strong><\/p>\n<p><b>Naszyjnik wykonany jest z wysokiej jako\u015bci antyalergicznej stali 316 L.\u00a0 \u00a0 \u00a0 \u00a0\u00a0<\/b><\/p>\n<h2>Cechy produktu:<\/h2>\n<div class=\"_1voj4 _z9prt _1xzdi _ai5yc _5d6n2 _15lj1\">\n<div class=\"_4lbi0 _6kfrx _ur8qq _u5o1q _1xm8p _1agsg\">\n<div class=\"_18vat _10a7o _1yhvf _7ccvy\">\n<div class=\"-s-side-pane-product-info__section\">\n<div>\n<p><strong>Stal szlachetna 316L inaczej zwana stal\u0105 nierdzewn\u0105, jubilersk\u0105 czy chirurgiczn\u0105 jest:<\/strong><\/p>\n<ul>\n<li>Odporna na zarysowania i wgniecenia<\/li>\n<li>Nie zmienia swojego koloru<\/li>\n<li>Nie \u0142amie si\u0119<\/li>\n<li>Nie rdzewieje<\/li>\n<li>Nie koroduje<\/li>\n<li>Nie czernieje<\/li>\n<li>Nie \u015bniedzieje<\/li>\n<li>Nie odbarwia palc\u00f3w<\/li>\n<li>Nie utlenia si\u0119<\/li>\n<li>Jest antyalergiczna, nie uczula &#8211; idealna bi\u017cuteria dla alergik\u00f3w<\/li>\n<li>Nie wymaga konserwacji, czyszczenia i piel\u0119gnacji, dlatego bez wi\u0119kszego wysi\u0142ku mo\u017cna cieszy\u0107 si\u0119 ich pi\u0119knem i po\u0142yskiem.<\/li>\n<li>Idealnym zamiennikiem a nawet konkurencj\u0105 dla srebra i z\u0142ota<\/li>\n<\/ul>\n<\/div>\n<div class=\"-s-side-pane-product-info__section__content\"><strong>\u00a0Model\u00a0 jest wyposa\u017cony w regulowane\u00a0 zapi\u0119cie.<\/strong><\/div>\n<div><\/div>\n<\/div>\n<div class=\"-s-side-pane-product-info__section\">\n<p><strong><span class=\"-s-section-title\">MATERIA\u0141<\/span><\/strong><\/p>\n<p>Stal nierdzewna 316 L<\/p>\n<\/div>\n<div class=\"-s-side-pane-product-info__section\">\n<p><strong><span class=\"-s-section-title\">WYMIARY<\/span><\/strong><\/p>\n<div class=\"-s-side-pane-product-info__section__content\">\n<p>D\u0142ugo\u015b\u0107 wynosi &#8211; max. 18 cm<\/p>\n<p>Wymiary &#8211; \u0142a\u0144cuch (0,7 x 0,5 cm )<\/p>\n<div class=\"-s-pp-size-guide -j-bracelet-size-guide\"><\/div>\n<\/div>\n<\/div>\n<\/div>\n<\/div>\n<\/div>\n","protected":false},"excerpt":{"rendered":"<p>Stal &#8211; 316 L. Rozm.max.18 cm. Kolor z\u0142oty. Wz\u00f3r -du\u017ce oczka- cyrkonia .<\/p>\n","protected":false},"featured_media":3844,"template":"","meta":[],"yoast_head":"<!-- This site is optimized with the Yoast SEO plugin v15.9.1 - https:\/\/yoast.com\/wordpress\/plugins\/seo\/ -->\n<title>Z\u0142ota \u0142a\u0144cuszkowa gruba bransoletka .Du\u017ce oczka- cyrkonie. Stal 316 L.Rozm.max.18 cm &ndash; Celebrytka<\/title>\n<meta name=\"robots\" content=\"index, follow, max-snippet:-1, max-image-preview:large, max-video-preview:-1\" \/>\n<link rel=\"canonical\" href=\"https:\/\/www.celebrytka.org\/?product=zlota-lancuszkowa-gruba-bransoletka-duze-oczka-cyrkonie-stal-316-l-rozm-max-18-cm\" \/>\n<meta property=\"og:locale\" content=\"pl_PL\" \/>\n<meta property=\"og:type\" content=\"article\" \/>\n<meta property=\"og:title\" content=\"Z\u0142ota \u0142a\u0144cuszkowa gruba bransoletka .Du\u017ce oczka- cyrkonie. Stal 316 L.Rozm.max.18 cm &ndash; Celebrytka\" \/>\n<meta property=\"og:description\" content=\"Stal - 316 L. Rozm.max.18 cm. Kolor z\u0142oty. Wz\u00f3r -du\u017ce oczka- cyrkonia .\" \/>\n<meta property=\"og:url\" content=\"https:\/\/www.celebrytka.org\/?product=zlota-lancuszkowa-gruba-bransoletka-duze-oczka-cyrkonie-stal-316-l-rozm-max-18-cm\" \/>\n<meta property=\"og:site_name\" content=\"Celebrytka\" \/>\n<meta property=\"article:publisher\" content=\"https:\/\/www.facebook.com\/irena.misztal.7\" \/>\n<meta property=\"article:modified_time\" content=\"2021-05-25T10:45:23+00:00\" \/>\n<meta property=\"og:image\" content=\"https:\/\/www.celebrytka.org\/wp-content\/uploads\/2020\/12\/20201128_132439-scaled.jpg\" \/>\n\t<meta property=\"og:image:width\" content=\"1920\" \/>\n\t<meta property=\"og:image:height\" content=\"2560\" \/>\n<meta name=\"twitter:card\" content=\"summary_large_image\" \/>\n<meta name=\"twitter:label1\" content=\"Est. reading time\">\n\t<meta name=\"twitter:data1\" content=\"2 minuty\">\n<script type=\"application\/ld+json\" class=\"yoast-schema-graph\">{\"@context\":\"https:\/\/schema.org\",\"@graph\":[{\"@type\":\"Organization\",\"@id\":\"https:\/\/www.celebrytka.org\/#organization\",\"name\":\"P.H.U. \\\"CELEBRYTKA\\\" IRENA MISZTAL\",\"url\":\"https:\/\/www.celebrytka.org\/\",\"sameAs\":[\"https:\/\/www.facebook.com\/irena.misztal.7\"],\"logo\":{\"@type\":\"ImageObject\",\"@id\":\"https:\/\/www.celebrytka.org\/#logo\",\"inLanguage\":\"pl-PL\",\"url\":\"https:\/\/www.celebrytka.org\/wp-content\/uploads\/2021\/01\/logo.jpg\",\"width\":360,\"height\":208,\"caption\":\"P.H.U. \\\"CELEBRYTKA\\\" IRENA MISZTAL\"},\"image\":{\"@id\":\"https:\/\/www.celebrytka.org\/#logo\"}},{\"@type\":\"WebSite\",\"@id\":\"https:\/\/www.celebrytka.org\/#website\",\"url\":\"https:\/\/www.celebrytka.org\/\",\"name\":\"Bi\\u017cuteria ze stali szlachetnej\",\"description\":\"Bi\\u017cuteria ze stali szlachetnej\",\"publisher\":{\"@id\":\"https:\/\/www.celebrytka.org\/#organization\"},\"potentialAction\":[{\"@type\":\"SearchAction\",\"target\":\"https:\/\/www.celebrytka.org\/?s={search_term_string}\",\"query-input\":\"required name=search_term_string\"}],\"inLanguage\":\"pl-PL\"},{\"@type\":\"ImageObject\",\"@id\":\"https:\/\/www.celebrytka.org\/?product=zlota-lancuszkowa-gruba-bransoletka-duze-oczka-cyrkonie-stal-316-l-rozm-max-18-cm#primaryimage\",\"inLanguage\":\"pl-PL\",\"url\":\"https:\/\/www.celebrytka.org\/wp-content\/uploads\/2020\/12\/20201128_132439-scaled.jpg\",\"width\":1920,\"height\":2560},{\"@type\":\"WebPage\",\"@id\":\"https:\/\/www.celebrytka.org\/?product=zlota-lancuszkowa-gruba-bransoletka-duze-oczka-cyrkonie-stal-316-l-rozm-max-18-cm#webpage\",\"url\":\"https:\/\/www.celebrytka.org\/?product=zlota-lancuszkowa-gruba-bransoletka-duze-oczka-cyrkonie-stal-316-l-rozm-max-18-cm\",\"name\":\"Z\\u0142ota \\u0142a\\u0144cuszkowa gruba bransoletka .Du\\u017ce oczka- cyrkonie. Stal 316 L.Rozm.max.18 cm &ndash; Celebrytka\",\"isPartOf\":{\"@id\":\"https:\/\/www.celebrytka.org\/#website\"},\"primaryImageOfPage\":{\"@id\":\"https:\/\/www.celebrytka.org\/?product=zlota-lancuszkowa-gruba-bransoletka-duze-oczka-cyrkonie-stal-316-l-rozm-max-18-cm#primaryimage\"},\"datePublished\":\"2020-12-03T13:31:34+00:00\",\"dateModified\":\"2021-05-25T10:45:23+00:00\",\"breadcrumb\":{\"@id\":\"https:\/\/www.celebrytka.org\/?product=zlota-lancuszkowa-gruba-bransoletka-duze-oczka-cyrkonie-stal-316-l-rozm-max-18-cm#breadcrumb\"},\"inLanguage\":\"pl-PL\",\"potentialAction\":[{\"@type\":\"ReadAction\",\"target\":[\"https:\/\/www.celebrytka.org\/?product=zlota-lancuszkowa-gruba-bransoletka-duze-oczka-cyrkonie-stal-316-l-rozm-max-18-cm\"]}]},{\"@type\":\"BreadcrumbList\",\"@id\":\"https:\/\/www.celebrytka.org\/?product=zlota-lancuszkowa-gruba-bransoletka-duze-oczka-cyrkonie-stal-316-l-rozm-max-18-cm#breadcrumb\",\"itemListElement\":[{\"@type\":\"ListItem\",\"position\":1,\"item\":{\"@type\":\"WebPage\",\"@id\":\"https:\/\/www.celebrytka.org\/\",\"url\":\"https:\/\/www.celebrytka.org\/\",\"name\":\"Strona g\\u0142\\u00f3wna\"}},{\"@type\":\"ListItem\",\"position\":2,\"item\":{\"@type\":\"WebPage\",\"@id\":\"https:\/\/www.celebrytka.org\/?page_id=38\",\"url\":\"https:\/\/www.celebrytka.org\/?page_id=38\",\"name\":\"Sklep\"}},{\"@type\":\"ListItem\",\"position\":3,\"item\":{\"@type\":\"WebPage\",\"@id\":\"https:\/\/www.celebrytka.org\/?product=zlota-lancuszkowa-gruba-bransoletka-duze-oczka-cyrkonie-stal-316-l-rozm-max-18-cm\",\"url\":\"https:\/\/www.celebrytka.org\/?product=zlota-lancuszkowa-gruba-bransoletka-duze-oczka-cyrkonie-stal-316-l-rozm-max-18-cm\",\"name\":\"Z\\u0142ota \\u0142a\\u0144cuszkowa gruba bransoletka .Du\\u017ce oczka- cyrkonie. Stal 316 L.Rozm.max.18 cm\"}}]}]}<\/script>\n<!-- \/ Yoast SEO plugin. -->","_links":{"self":[{"href":"https:\/\/www.celebrytka.org\/index.php?rest_route=\/wp\/v2\/product\/3838"}],"collection":[{"href":"https:\/\/www.celebrytka.org\/index.php?rest_route=\/wp\/v2\/product"}],"about":[{"href":"https:\/\/www.celebrytka.org\/index.php?rest_route=\/wp\/v2\/types\/product"}],"version-history":[{"count":1,"href":"https:\/\/www.celebrytka.org\/index.php?rest_route=\/wp\/v2\/product\/3838\/revisions"}],"predecessor-version":[{"id":3845,"href":"https:\/\/www.celebrytka.org\/index.php?rest_route=\/wp\/v2\/product\/3838\/revisions\/3845"}],"wp:featuredmedia":[{"embeddable":true,"href":"https:\/\/www.celebrytka.org\/index.php?rest_route=\/wp\/v2\/media\/3844"}],"wp:attachment":[{"href":"https:\/\/www.celebrytka.org\/index.php?rest_route=%2Fwp%2Fv2%2Fmedia&parent=3838"}],"curies":[{"name":"wp","href":"https:\/\/api.w.org\/{rel}","templated":true}]}}